
11
Let q(b) = -35*b + 215. Give q(6).
5
Let t(f) = -f**3 + 16*f**2 - 19*f - 113. Give t(14).
13
Let u(c) = -259*c - 2255. Determine u(-9).
76
Let p(o) = -11*o**2 + 233*o - 896. Calculate p(5).
-6
Let w(v) = -2*v**3 - 12*v**2 - 25*v - 7. Calculate w(-2).
11
Let y(x) = -4026*x - 56359. Determine y(-14).
5
Let r(d) = -281*d - 47461. Calculate r(-169).
28
Let b(n) = -15*n**3 - 5*n**2 + 7*n - 4. Calculate b(1).
-17
Let g(x) = -5*x**2 + 140*x + 98. Calculate g(29).
-47
Let h(w) = 3*w**2 - 50*w - 154. Give h(-3).
23
Let x(d) = 2*d**2 - 127*d + 1736. Determine x(44).
20
Let n(k) = -5*k - 64. What is n(-9)?
-19
Let o(k) = -5*k**2 - 133*k + 409. Determine o(3).
-35
Let g(u) = -2*u**2 + 51*u + 126. Give g(27).
45
Let j(w) = -w**3 - 91*w**2 - 348*w + 3. Determine j(-87).
3
Let s(d) = -19*d**2 - 621*d - 2026. What is s(-29)?
4
Let p(a) = -a**3 - 45*a**2 - 136*a - 407. Calculate p(-42).
13
Let m(a) = -73*a - 2190. Calculate m(-31).
73
Let j(q) = -q**2 + 49*q + 172. Give j(-4).
-40
Let m(v) = -6*v - 168. Determine m(29).
-342
Let b(f) = -f**3 + 18*f**2 + 35*f + 587. Give b(21).
-1
Let y(u) = 18*u**2 + 351*u - 67. Calculate y(-20).
113
Let w(b) = 25*b + 54. Determine w(-4).
-46
Let c(v) = 43*v - 1017. Give c(24).
15
Let z(l) = 409*l + 5324. What is z(-13)?
7
Let c(l) = -25*l + 131. Calculate c(1).
106
Let p(a) = 37*a - 486. What is p(13)?
-5
Let x(m) = -m**2 - 51*m - 816. Give x(0).
-816
Let s(w) = w**3 + 7*w**2 - 52*w - 415. Give s(-9).
-109
Let y(u) = 26*u - 398. What is y(15)?
-8
Let z(a) = -10*a**2 + 13*a - 19. Give z(3).
-70
Let p(b) = -19*b - 723. What is p(-38)?
-1
Let j(b) = b**3 + 9*b**2 + 13*b + 58. What is j(-9)?
-59
Let c(q) = -71*q**3 + 216*q**2 - 10. Calculate c(3).
17
Let o(p) = -2*p**3 + 11*p**2 - 178*p + 871. Calculate o(5).
6
Let j(x) = 3*x**2 + 857*x + 9545. Calculate j(-274).
-45
Let t(y) = 4*y**2 - 69*y + 17. Determine t(16).
-63
Let t(f) = -16*f**3 - 13*f**2 - f - 6. Calculate t(-3).
312
Let t(v) = 41*v + 14401. Calculate t(-351).
10
Let m(q) = 5050*q - 40404. Determine m(8).
-4
Let u(m) = -2*m**3 - 137*m**2 + 208*m - 177. What is u(-70)?
-37
Let f(z) = -8*z**2 + 79*z + 472. Calculate f(14).
10
Let z(b) = -b**3 - 30*b**2 + 97*b - 12. Determine z(-33).
54
Let f(c) = 11*c**2 - 38*c + 289. Calculate f(5).
374
Let b(f) = 277*f + 469. Determine b(-2).
-85
Let i(m) = -38*m + 841. Give i(22).
5
Let w(q) = -85*q - 363. Determine w(-7).
232
Let k(r) = 3*r**3 + 5*r**2 + 61*r + 139. Determine k(-6).
-695
Let i(s) = 7*s**2 - 37*s + 154. Give i(7).
238
Let l(b) = -102*b - 1527. Calculate l(-15).
3
Let k(d) = 2*d**2 + 299*d + 1451. Give k(-5).
6
Let r(v) = -4*v - 151. Give r(-22).
-63
Let u(g) = -224*g**2 - 30*g. Determine u(1).
-254
Let z(t) = 51*t - 2082. Determine z(40).
-42
Let p(c) = -49*c - 4270. Calculate p(-87).
-7
Let x(i) = -i**3 + 19*i**2 - 365*i + 6250. Give x(18).
4
Let x(o) = o**3 - 101*o**2 - 9*o + 933. Calculate x(101).
24
Let q(u) = u**3 - 6*u**2 + 22*u - 52. Determine q(5).
33
Let l(c) = 27*c**2 - 6*c - 7. Give l(-1).
26
Let o(b) = b**3 - 36*b**2 - 133*b + 2238. Determine o(38).
72
Let w(r) = r**2 - 280*r + 2445. Give w(9).
6
Let t(m) = -m**2 - 59*m + 563. What is t(-67)?
27
Let h(n) = 11*n**2 + 232*n - 160. What is h(-22)?
60
Let w(c) = -28*c + 1009. Determine w(37).
-27
Let t(j) = -j**3 + 14*j**2 - 43*j - 9. Determine t(9).
9
Let x(y) = -4*y**3 + 53*y**2 - 21*y + 109. What is x(13)?
5
Let r(j) = -j**3 + 2*j**2 + 55*j - 159. Give r(4).
29
Let p(y) = -62*y - 503. Give p(-9).
55
Let g(y) = -32*y - 1108. Calculate g(-35).
12
Let n(v) = -1434*v + 24375. Give n(17).
-3
Let l(o) = 4*o**2 - 58*o + 89. What is l(16)?
185
Let i(g) = 4*g**3 + 295*g**2 + 501*g - 219. Calculate i(-72).
-3
Let g(v) = -17*v**3 + 2*v**2 + 3*v + 2. Calculate g(-1).
18
Let f(z) = z**3 + 144*z**2 - 277*z - 19132. Determine f(-145).
8
Let i(m) = -588*m - 2347. Calculate i(-4).
5
Let h(l) = -32*l - 1778. Calculate h(-49).
-210
Let k(u) = -2*u**3 + 41*u**2 - 60*u + 62. What is k(19)?
5
Let y(t) = t**3 - 16*t**2 + 71*t - 448. Determine y(13).
-32
Let i(f) = 12*f**2 + 165*f - 485. What is i(3)?
118
Let g(v) = 105*v + 290. What is g(-4)?
-130
Let u(f) = 2*f + 31. What is u(-22)?
-13
Let w(j) = 2*j**3 - 4*j**2 + 18*j + 5. Give w(-5).
-435
Let m(i) = 4*i**2 + 1264*i + 2537. What is m(-2)?
25
Let w(l) = l**2 + 345*l - 83474. Calculate w(164).
2
Let m(p) = p**3 - 145*p**2 - 8*p + 1192. What is m(145)?
32
Let u(t) = -t**3 - 27*t**2 - 24*t + 56. Determine u(-26).
4
Let d(p) = p**2 - 441*p + 13468. What is d(33)?
4
Let a(t) = -t**2 + 280*t + 1141. What is a(-4)?
5
Let r(y) = -y**3 + 2*y**2 + 9*y - 22. What is r(5)?
-52
Let w(f) = -f**2 + 155*f - 1186. What is w(8)?
-10
Let m(j) = 64*j + 823. What is m(-12)?
55
Let c(i) = i**2 + 15*i + 19. Determine c(-17).
53
Let k(t) = -681*t + 10881. Determine k(16).
-15
Let m(f) = 2*f**2 + 86*f - 423. What is m(-47)?
-47
Let m(h) = -51*h - 2066. Give m(-41).
25
Let d(y) = y**2 - 9*y - 13. Calculate d(-3).
23
Let l(q) = q**3 + 21*q**2 + 27*q - 54. What is l(-21)?
-621
Let o(t) = -t**3 + 60*t**2 + 3*t - 131. Give o(60).
49
Let d(a) = 27*a + 1939. Calculate d(-76).
-113
Let g(i) = 4*i**2 - 9*i + 24. Give g(4).
52
Let v(t) = -t**2 + 168*t - 2987. Give v(20).
-27
Let t(f) = -3*f**2 - 6*f - 31. Determine t(6).
-175
Let t(y) = 60*y**3 + 16*y**2 - 5*y. Determine t(2).
534
Let i(z) = 2*z**3 + 46*z**2 + 13*z - 672. Determine i(-22).
10
Let q(r) = 6*r**3 + 55*r**2 - 57*r + 3. Determine q(1).
7
Let d(g) = -8*g + 833. Calculate d(107).
-23
Let t(i) = -i**3 - 69*i**2 - 2*i. Give t(0).
0
Let f(z) = -795*z + 104140. Give f(131).
-5
Let z(y) = -y**2 - 26*y - 102. Calculate z(-22).
-14
Let j(a) = a**3 - 16*a**2 - 33*a + 966. Calculate j(12).
-6
Let s(l) = -2*l**2 - 205*l - 734. Calculate s(-99).
-41
Let g(x) = -11*x**3 - x**2 - 2*x + 1. Calculate g(-3).
295
Let s(d) = d**3 + 11*d**2 + 2*d + 7. Calculate s(-11).
-15
Let r(v) = 17*v + 423. Calculate r(-9).
270
Let n(g) = -2471*g - 130969. Give n(-53).
-6
Let x(p) = 529*p + 7934. Determine x(-15).
-1
Let w(r) = -34*r - 530. Calculate w(-26).
354
Let k(t) = 2*t**2 - 17*t - 89. Give k(24).
655
Let p(z) = z**3 + 20*z**2 + 81*z - 23. Calculate p(-15).
-113
Let s(i) = -210*i + 2108. Give s(10).
8
Let q(k) = -53*k - 310. Determine q(-3).
-151
Let h(k) = 5*k**2 - 35*k - 182. Calculate h(-5).
118
Let p(b) = -b**3 - 89*b**2 - 1430*b - 119. Give p(-68).
17
Let o(c) = 178*c + 4810. Determine o(-27).
4
Let i(z) = z**3 - 28*z**2 + 8*z + 174. What is i(27)?
-339
Let z(d) = -9*d**3 - 2*d**2 - 49*d - 90. Calculate z(-2).
72
Let x(p) = -318*p - 19750. Give x(-62).
-34
Let f(m) = -3*m**2 - 10*m + 76. Determine f(-13).
-301
Let l(g) = 40*g - 1051. What is l(27)?
29
Let g(n) = 335*n + 9716. Determine g(-29).
1
Let t(w) = -6*w**3 + 35*w**2 - 5*w + 63. Determine t(6).
-3
Let a(w) = -76*w**2 - 20*w - 69. Give a(-3).
-693
Let v(i) = -i**3 + 12*i**2 - 35*i + 63. Calculate v(9).
-9
Let v(h) = h**3 + 41*h**2 + 74*h - 166. What is v(-39)?
-10
Let i(k) = 6137*k + 49084. Determine i(-8).
-12
Let n(h) = 189*h - 6810. What is n(36)?
-6
Let l(g) = -73*g - 504. What is l(-7)?
7
Let u(h) = 17*h**2 + 48*h - 9. Calculate u(-3).
0
Let i(f) = 999*f - 3992. Give i(4).
4
Let d(j) = -j**3 - 12*j**2 + 64*j + 743. Determine d(-12).
-25
Let f(p) = -4*p - 36. Calculate f(-11).
8
Let n(w) = 84*w**2 - 1672*w - 148. Calculate n(20).
12
Let p(s) = -27*s**2 + 12*s - 11. Give p(2).
-95
Let k(s) = -s**2 + 10*s + 29. Give k(12).
5
Let w(b) = -b**3 + 26*b**2 + 2*b - 188. Determine w(26).
-136
Let p(w) = 6*w**2 - 12*w - 26. Give p(-2).
22
Let m(h) = -2*h**3 - 12*h**2 - 19*h - 3. Determine m(-3).
0
Let y(w) = -w**3 - 47*w**2 + 90*w - 90. Give y(-49).
302
Let w(c) = -2*c**2 + 144*c - 1450. Give w(60).
-10
Let a(z) = 9*z**2 + 6*z + 8. What is a(-1)?
11
Let g(j) = 6*j + 291. What is g(-8)?
243
Let f(a) = 6*a**2 - 11*a - 2. Determine f(3).
19
Let s(i) = -10*i**2 - 753*i - 218. Determine s(-75).
7
Let l(o) = o**3 + 18*o**2 + 13*o + 6. Give l(-17).
74
Let c(v) = -6*v + 77. What is c(5)?
47
Let v(z) = -1093*z + 7646. Calculate v(7).
-5
Let d(w) = w**3 - 6*w**2 - 61*w - 8. Calculate d(12).
124
Let k(y) = 7*y**2 + 4*y - 5. Calculate k(1).
6
Let c(p) = 8*p**2 - 213*p + 1264. What is c(9)?
-5
Let o(x) = 124*x - 754. Give o(6).
-10
Let u(g) = -11*g**2 - 110*g + 616. Give u(4)